{"id":2,"date":"2020-06-29T06:09:29","date_gmt":"2020-06-29T06:09:29","guid":{"rendered":"https:\/\/farratgem.ecofun.ctfc.cat\/?page_id=2"},"modified":"2020-11-02T11:32:51","modified_gmt":"2020-11-02T11:32:51","slug":"sample-page","status":"publish","type":"page","link":"https:\/\/pastucar.ecofun.ctfc.cat\/","title":{"rendered":"El projecte"},"content":{"rendered":"\n<p>El projecte <strong>PASTUCAR: Pasturem per Conservar Carboni al Prat<\/strong> es desenvolupa en el marc de les activitats de demostraci\u00f3 de transfer\u00e8ncia tecnol\u00f2gica del DARP, operaci\u00f3 01.02.01 del PDR de Catalunya 2014-2020, i t\u00e9 com a objectiu principal <strong>transferir coneixement sobre bones pr\u00e0ctiques de gesti\u00f3 que fomenten la preservaci\u00f3 i l\u2019acumulaci\u00f3 de carboni a les pastures, aix\u00ed com la fertilitat del s\u00f2l, la conservaci\u00f3 de la biodiversitat i la mitigaci\u00f3 d\u2019emissions de gasos d\u2019efecte hivernacle<\/strong>.<\/p>\n\n\n\n<div class=\"wp-block-group alignwide\"><div class=\"wp-block-group__inner-container is-layout-flow wp-block-group-is-layout-flow\">\n<div class=\"wp-block-group alignwide\"><div class=\"wp-block-group__inner-container is-layout-flow wp-block-group-is-layout-flow\">\n<figure class=\"wp-block-gallery alignwide columns-3 is-cropped wp-block-gallery-1 is-layout-flex wp-block-gallery-is-layout-flex\"><ul class=\"blocks-gallery-grid\"><li class=\"blocks-gallery-item\"><figure><img loading=\"lazy\" decoding=\"async\" width=\"567\" height=\"425\" src=\"https:\/\/pastucar.ecofun.ctfc.cat\/wp-content\/uploads\/2020\/08\/img1.jpg\" alt=\"\" data-id=\"80\" data-full-url=\"https:\/\/pastucar.ecofun.ctfc.cat\/wp-content\/uploads\/2020\/08\/img1.jpg\" data-link=\"https:\/\/pastucar.ecofun.ctfc.cat\/index.php\/sample-page\/img1\/#main\" class=\"wp-image-80\" srcset=\"https:\/\/pastucar.ecofun.ctfc.cat\/wp-content\/uploads\/2020\/08\/img1.jpg 567w, https:\/\/pastucar.ecofun.ctfc.cat\/wp-content\/uploads\/2020\/08\/img1-300x225.jpg 300w\" sizes=\"auto, (max-width: 567px) 100vw, 567px\" \/><\/figure><\/li><li class=\"blocks-gallery-item\"><figure><img loading=\"lazy\" decoding=\"async\" width=\"1024\" height=\"768\" src=\"https:\/\/pastucar.ecofun.ctfc.cat\/wp-content\/uploads\/2020\/09\/PallarsJuss\u00e0_06062013_HD-1024x768.jpg\" alt=\"\" data-id=\"171\" data-full-url=\"https:\/\/pastucar.ecofun.ctfc.cat\/wp-content\/uploads\/2020\/09\/PallarsJuss\u00e0_06062013_HD.jpg\" data-link=\"https:\/\/pastucar.ecofun.ctfc.cat\/index.php\/sample-page\/pallarsjussa_06062013_hd\/#main\" class=\"wp-image-171\" srcset=\"https:\/\/pastucar.ecofun.ctfc.cat\/wp-content\/uploads\/2020\/09\/PallarsJuss\u00e0_06062013_HD-1024x768.jpg 1024w, https:\/\/pastucar.ecofun.ctfc.cat\/wp-content\/uploads\/2020\/09\/PallarsJuss\u00e0_06062013_HD-300x225.jpg 300w, https:\/\/pastucar.ecofun.ctfc.cat\/wp-content\/uploads\/2020\/09\/PallarsJuss\u00e0_06062013_HD-768x576.jpg 768w, https:\/\/pastucar.ecofun.ctfc.cat\/wp-content\/uploads\/2020\/09\/PallarsJuss\u00e0_06062013_HD-1536x1152.jpg 1536w, https:\/\/pastucar.ecofun.ctfc.cat\/wp-content\/uploads\/2020\/09\/PallarsJuss\u00e0_06062013_HD.jpg 2048w\" sizes=\"auto, (max-width: 1024px) 100vw, 1024px\" \/><\/figure><\/li><li class=\"blocks-gallery-item\"><figure><img loading=\"lazy\" decoding=\"async\" width=\"1024\" height=\"768\" src=\"https:\/\/pastucar.ecofun.ctfc.cat\/wp-content\/uploads\/2020\/09\/IMG_5388-1024x768.jpg\" alt=\"\" data-id=\"170\" data-full-url=\"https:\/\/pastucar.ecofun.ctfc.cat\/wp-content\/uploads\/2020\/09\/IMG_5388-scaled.jpg\" data-link=\"https:\/\/pastucar.ecofun.ctfc.cat\/index.php\/sample-page\/img_5388\/#main\" class=\"wp-image-170\" srcset=\"https:\/\/pastucar.ecofun.ctfc.cat\/wp-content\/uploads\/2020\/09\/IMG_5388-1024x768.jpg 1024w, https:\/\/pastucar.ecofun.ctfc.cat\/wp-content\/uploads\/2020\/09\/IMG_5388-300x225.jpg 300w, https:\/\/pastucar.ecofun.ctfc.cat\/wp-content\/uploads\/2020\/09\/IMG_5388-768x576.jpg 768w, https:\/\/pastucar.ecofun.ctfc.cat\/wp-content\/uploads\/2020\/09\/IMG_5388-1536x1152.jpg 1536w, https:\/\/pastucar.ecofun.ctfc.cat\/wp-content\/uploads\/2020\/09\/IMG_5388-2048x1536.jpg 2048w\" sizes=\"auto, (max-width: 1024px) 100vw, 1024px\" \/><\/figure><\/li><li class=\"blocks-gallery-item\"><figure><img loading=\"lazy\" decoding=\"async\" width=\"567\" height=\"425\" src=\"https:\/\/pastucar.ecofun.ctfc.cat\/wp-content\/uploads\/2020\/08\/imatge-6.png\" alt=\"\" data-id=\"95\" data-full-url=\"https:\/\/pastucar.ecofun.ctfc.cat\/wp-content\/uploads\/2020\/08\/imatge-6.png\" data-link=\"https:\/\/pastucar.ecofun.ctfc.cat\/index.php\/bones-practiques-de-gestio-per-potenciar-el-segrest-de-carboni-al-sol\/imatge-6\/#main\" class=\"wp-image-95\" srcset=\"https:\/\/pastucar.ecofun.ctfc.cat\/wp-content\/uploads\/2020\/08\/imatge-6.png 567w, https:\/\/pastucar.ecofun.ctfc.cat\/wp-content\/uploads\/2020\/08\/imatge-6-300x225.png 300w\" sizes=\"auto, (max-width: 567px) 100vw, 567px\" \/><\/figure><\/li><\/ul><figcaption class=\"blocks-gallery-caption\">Pastures permanents extensives<\/figcaption><\/figure>\n<\/div><\/div>\n<\/div><\/div>\n\n\n\n<p>Aquest coneixement s\u2019ha generat gr\u00e0cies a la <strong>recerca<\/strong>, al treball d\u2019<strong>experts en la mat\u00e8ria<\/strong>, i als <strong>pagesos i gestors del sector agro-ramader<\/strong>, els quals han portat a terme accions de gesti\u00f3 que afavoreixen l\u2019entrada i preservaci\u00f3 de carboni al s\u00f2l, fomentant uns sistemes pastorals m\u00e9s productius i sostenibles.<\/p>\n\n\n\n<p>PASTUCAR pret\u00e9n unir aquestes visions diverses i generar un espai de transfer\u00e8ncia de coneixement, presentant resultats cient\u00edfics i donant visibilitat a productors agro-ramaders que han fet una aposta per l&#8217;ecologia i uns sistemes ramaders m\u00e9s sostenibles. <\/p>\n\n\n\n<p>Aquest projecte est\u00e0 coordinat pel <a href=\"http:\/\/ecofun.ctfc.cat\/\">Laboratori d&#8217;Ecologia Funcional i Canvi Global (ECOFUN)<\/a> del <a href=\"http:\/\/www.ctfc.cat\/\">Centre de Ci\u00e8ncia i Tecnologia Forestal de Catalunya (CTFC)<\/a> i la <a href=\"http:\/\/www.udl.cat\/ca\/\">Universitat de Lleida (UdL)<\/a>.  Trobareu m\u00e9s informaci\u00f3 als seg\u00fcents documents:<\/p>\n\n\n\n<div class=\"wp-block-file\"><a href=\"https:\/\/pastucar.ecofun.ctfc.cat\/wp-content\/uploads\/2020\/10\/Fitxa_difusi\u00f3_inicial_PASTUCAR.pdf\">Fitxa de difusi\u00f3 inicial<\/a><a href=\"https:\/\/pastucar.ecofun.ctfc.cat\/wp-content\/uploads\/2020\/10\/Fitxa_difusi\u00f3_inicial_PASTUCAR.pdf\" class=\"wp-block-file__button\" download>Baixa<\/a><\/div>\n\n\n\n<div class=\"wp-block-file\"><a href=\"https:\/\/pastucar.ecofun.ctfc.cat\/wp-content\/uploads\/2020\/10\/Fitxa_difusi\u00f3_final_PASTUCAR_2.pdf\">Fitxa de difusi\u00f3 final<\/a><a href=\"https:\/\/pastucar.ecofun.ctfc.cat\/wp-content\/uploads\/2020\/10\/Fitxa_difusi\u00f3_final_PASTUCAR_2.pdf\" class=\"wp-block-file__button\" download>Baixa<\/a><\/div>\n","protected":false},"excerpt":{"rendered":"<p>El projecte PASTUCAR: Pasturem per Conservar Carboni al Prat es desenvolupa en el marc de les activitats de demostraci\u00f3 de transfer\u00e8ncia tecnol\u00f2gica del DARP, operaci\u00f3 01.02.01 del PDR de Catalunya 2014-2020, i t\u00e9 com a objectiu principal transferir coneixement sobre bones pr\u00e0ctiques de gesti\u00f3 que fomenten la preservaci\u00f3 i l\u2019acumulaci\u00f3 de carboni a les pastures, &#8230; <a title=\"El projecte\" class=\"read-more\" href=\"https:\/\/pastucar.ecofun.ctfc.cat\/\">Llegiu m\u00e9s <span class=\"screen-reader-text\">El projecte<\/span><\/a><\/p>\n","protected":false},"author":1,"featured_media":0,"parent":0,"menu_order":0,"comment_status":"closed","ping_status":"open","template":"","meta":{"footnotes":""},"class_list":["post-2","page","type-page","status-publish"],"_links":{"self":[{"href":"https:\/\/pastucar.ecofun.ctfc.cat\/index.php\/wp-json\/wp\/v2\/pages\/2","targetHints":{"allow":["GET"]}}],"collection":[{"href":"https:\/\/pastucar.ecofun.ctfc.cat\/index.php\/wp-json\/wp\/v2\/pages"}],"about":[{"href":"https:\/\/pastucar.ecofun.ctfc.cat\/index.php\/wp-json\/wp\/v2\/types\/page"}],"author":[{"embeddable":true,"href":"https:\/\/pastucar.ecofun.ctfc.cat\/index.php\/wp-json\/wp\/v2\/users\/1"}],"replies":[{"embeddable":true,"href":"https:\/\/pastucar.ecofun.ctfc.cat\/index.php\/wp-json\/wp\/v2\/comments?post=2"}],"version-history":[{"count":27,"href":"https:\/\/pastucar.ecofun.ctfc.cat\/index.php\/wp-json\/wp\/v2\/pages\/2\/revisions"}],"predecessor-version":[{"id":327,"href":"https:\/\/pastucar.ecofun.ctfc.cat\/index.php\/wp-json\/wp\/v2\/pages\/2\/revisions\/327"}],"wp:attachment":[{"href":"https:\/\/pastucar.ecofun.ctfc.cat\/index.php\/wp-json\/wp\/v2\/media?parent=2"}],"curies":[{"name":"wp","href":"https:\/\/api.w.org\/{rel}","templated":true}]}}