{"id":224,"date":"2020-09-28T16:17:00","date_gmt":"2020-09-28T16:17:00","guid":{"rendered":"https:\/\/site1.ctfc.cat\/?page_id=224"},"modified":"2020-10-01T13:55:55","modified_gmt":"2020-10-01T13:55:55","slug":"jornades-tecniques","status":"publish","type":"page","link":"https:\/\/pastucar.ecofun.ctfc.cat\/index.php\/jornades-tecniques\/","title":{"rendered":"Jornades t\u00e8cniques"},"content":{"rendered":"\n<p>En el marc del projecte PASTUCAR es van celebrar <strong>dues jornades t\u00e8cniques<\/strong> per tal de donar visibilitat als resultats de tota la recerca efectuada entorn a les bones pr\u00e0ctiques de gesti\u00f3 que fomenten el segrest de carboni en pastures. <\/p>\n\n\n\n<p>A m\u00e9s, s\u00f3n moltes les <strong>iniciatives agro-ramaderes <\/strong>que ja estan portant a terme mesures de gesti\u00f3 que fomenten, tant el <strong>segrest i la conservaci\u00f3 del carboni al s\u00f2l, com la sostenibilitat, la productivitat i la rendibilitat de les explotacions ramaderes<\/strong>.  Aix\u00ed, durant el desenvolupament de les dues jornades t\u00e8cniques es va voler donar visibilitat al sector, i a projectes de ramaderia sostenible i integrada amb el territori. <\/p>\n\n\n\n<p>Diversos ponents convidats, ramaders i gestors, van transmetre la seva experi\u00e8ncia i coneixement. Trobareu informaci\u00f3 sobre aquestes iniciatives i les pon\u00e8ncies corresponents als seg\u00fcents enlla\u00e7os:<\/p>\n\n\n\n<p class=\"has-text-align-center\"><strong><span class=\"has-inline-color has-vivid-green-cyan-color\">Jornada t\u00e8cnica en l\u00ednia PASTUCAR (I)<\/span><\/strong><\/p>\n\n\n\n<figure class=\"wp-block-image size-large\"><a href=\"https:\/\/www.youtube.com\/watch?v=1d3fAKP0Qp8&amp;t=1s\"><img loading=\"lazy\" decoding=\"async\" width=\"869\" height=\"486\" src=\"https:\/\/pastucar.ecofun.ctfc.cat\/wp-content\/uploads\/2020\/09\/image-8.png\" alt=\"\" class=\"wp-image-268\" srcset=\"https:\/\/pastucar.ecofun.ctfc.cat\/wp-content\/uploads\/2020\/09\/image-8.png 869w, https:\/\/pastucar.ecofun.ctfc.cat\/wp-content\/uploads\/2020\/09\/image-8-300x168.png 300w, https:\/\/pastucar.ecofun.ctfc.cat\/wp-content\/uploads\/2020\/09\/image-8-768x430.png 768w\" sizes=\"auto, (max-width: 869px) 100vw, 869px\" \/><\/a><\/figure>\n\n\n\n<figure class=\"wp-block-image size-large\"><a href=\"https:\/\/www.youtube.com\/watch?v=JU7FkPlGByc&amp;t=25s\"><img loading=\"lazy\" decoding=\"async\" width=\"870\" height=\"546\" src=\"https:\/\/pastucar.ecofun.ctfc.cat\/wp-content\/uploads\/2020\/09\/image-9.png\" alt=\"\" class=\"wp-image-269\" srcset=\"https:\/\/pastucar.ecofun.ctfc.cat\/wp-content\/uploads\/2020\/09\/image-9.png 870w, https:\/\/pastucar.ecofun.ctfc.cat\/wp-content\/uploads\/2020\/09\/image-9-300x188.png 300w, https:\/\/pastucar.ecofun.ctfc.cat\/wp-content\/uploads\/2020\/09\/image-9-768x482.png 768w\" sizes=\"auto, (max-width: 870px) 100vw, 870px\" \/><\/a><\/figure>\n\n\n\n<figure class=\"wp-block-image size-large\"><a href=\"https:\/\/www.youtube.com\/watch?v=KnmCEY6pb3I&amp;t=1s\"><img loading=\"lazy\" decoding=\"async\" width=\"870\" height=\"484\" src=\"https:\/\/pastucar.ecofun.ctfc.cat\/wp-content\/uploads\/2020\/09\/image-10.png\" alt=\"\" class=\"wp-image-271\" srcset=\"https:\/\/pastucar.ecofun.ctfc.cat\/wp-content\/uploads\/2020\/09\/image-10.png 870w, https:\/\/pastucar.ecofun.ctfc.cat\/wp-content\/uploads\/2020\/09\/image-10-300x167.png 300w, https:\/\/pastucar.ecofun.ctfc.cat\/wp-content\/uploads\/2020\/09\/image-10-768x427.png 768w\" sizes=\"auto, (max-width: 870px) 100vw, 870px\" \/><\/a><\/figure>\n\n\n\n<p class=\"has-text-align-center\"><strong><span class=\"has-inline-color has-vivid-green-cyan-color\">&nbsp;PASTUCAR: Pasturem per conservar el carboni al PRAT (II)<\/span><\/strong><\/p>\n\n\n\n<figure class=\"wp-block-image size-large\"><a href=\"https:\/\/www.youtube.com\/watch?v=YM6xmpzKKvc&amp;t=3s\"><img loading=\"lazy\" decoding=\"async\" width=\"869\" height=\"474\" src=\"https:\/\/pastucar.ecofun.ctfc.cat\/wp-content\/uploads\/2020\/09\/image-11.png\" alt=\"\" class=\"wp-image-272\" srcset=\"https:\/\/pastucar.ecofun.ctfc.cat\/wp-content\/uploads\/2020\/09\/image-11.png 869w, https:\/\/pastucar.ecofun.ctfc.cat\/wp-content\/uploads\/2020\/09\/image-11-300x164.png 300w, https:\/\/pastucar.ecofun.ctfc.cat\/wp-content\/uploads\/2020\/09\/image-11-768x419.png 768w\" sizes=\"auto, (max-width: 869px) 100vw, 869px\" \/><\/a><\/figure>\n\n\n\n<figure class=\"wp-block-image size-large\"><a href=\"https:\/\/www.youtube.com\/watch?v=bhDh1Rl7S3s&amp;t=1s\"><img loading=\"lazy\" decoding=\"async\" width=\"870\" height=\"471\" src=\"https:\/\/pastucar.ecofun.ctfc.cat\/wp-content\/uploads\/2020\/09\/image-12.png\" alt=\"\" class=\"wp-image-273\" srcset=\"https:\/\/pastucar.ecofun.ctfc.cat\/wp-content\/uploads\/2020\/09\/image-12.png 870w, https:\/\/pastucar.ecofun.ctfc.cat\/wp-content\/uploads\/2020\/09\/image-12-300x162.png 300w, https:\/\/pastucar.ecofun.ctfc.cat\/wp-content\/uploads\/2020\/09\/image-12-768x416.png 768w\" sizes=\"auto, (max-width: 870px) 100vw, 870px\" \/><\/a><\/figure>\n\n\n\n<figure class=\"wp-block-image size-large\"><a href=\"https:\/\/www.youtube.com\/watch?v=aMdUjAR5V4A&amp;t=2s\"><img loading=\"lazy\" decoding=\"async\" width=\"869\" height=\"472\" src=\"https:\/\/pastucar.ecofun.ctfc.cat\/wp-content\/uploads\/2020\/09\/image-14.png\" alt=\"\" class=\"wp-image-275\" srcset=\"https:\/\/pastucar.ecofun.ctfc.cat\/wp-content\/uploads\/2020\/09\/image-14.png 869w, https:\/\/pastucar.ecofun.ctfc.cat\/wp-content\/uploads\/2020\/09\/image-14-300x163.png 300w, https:\/\/pastucar.ecofun.ctfc.cat\/wp-content\/uploads\/2020\/09\/image-14-768x417.png 768w\" sizes=\"auto, (max-width: 869px) 100vw, 869px\" \/><\/a><\/figure>\n","protected":false},"excerpt":{"rendered":"<p>En el marc del projecte PASTUCAR es van celebrar dues jornades t\u00e8cniques per tal de donar visibilitat als resultats de tota la recerca efectuada entorn a les bones pr\u00e0ctiques de gesti\u00f3 que fomenten el segrest de carboni en pastures. A m\u00e9s, s\u00f3n moltes les iniciatives agro-ramaderes que ja estan portant a terme mesures de gesti\u00f3 &#8230; <a title=\"Jornades t\u00e8cniques\" class=\"read-more\" href=\"https:\/\/pastucar.ecofun.ctfc.cat\/index.php\/jornades-tecniques\/\">Llegiu m\u00e9s <span class=\"screen-reader-text\">Jornades t\u00e8cniques<\/span><\/a><\/p>\n","protected":false},"author":2,"featured_media":0,"parent":0,"menu_order":0,"comment_status":"closed","ping_status":"closed","template":"","meta":{"footnotes":""},"class_list":["post-224","page","type-page","status-publish"],"_links":{"self":[{"href":"https:\/\/pastucar.ecofun.ctfc.cat\/index.php\/wp-json\/wp\/v2\/pages\/224","targetHints":{"allow":["GET"]}}],"collection":[{"href":"https:\/\/pastucar.ecofun.ctfc.cat\/index.php\/wp-json\/wp\/v2\/pages"}],"about":[{"href":"https:\/\/pastucar.ecofun.ctfc.cat\/index.php\/wp-json\/wp\/v2\/types\/page"}],"author":[{"embeddable":true,"href":"https:\/\/pastucar.ecofun.ctfc.cat\/index.php\/wp-json\/wp\/v2\/users\/2"}],"replies":[{"embeddable":true,"href":"https:\/\/pastucar.ecofun.ctfc.cat\/index.php\/wp-json\/wp\/v2\/comments?post=224"}],"version-history":[{"count":16,"href":"https:\/\/pastucar.ecofun.ctfc.cat\/index.php\/wp-json\/wp\/v2\/pages\/224\/revisions"}],"predecessor-version":[{"id":293,"href":"https:\/\/pastucar.ecofun.ctfc.cat\/index.php\/wp-json\/wp\/v2\/pages\/224\/revisions\/293"}],"wp:attachment":[{"href":"https:\/\/pastucar.ecofun.ctfc.cat\/index.php\/wp-json\/wp\/v2\/media?parent=224"}],"curies":[{"name":"wp","href":"https:\/\/api.w.org\/{rel}","templated":true}]}}